, 5*p - 11 = 2*u + 29. What is the units digit of p?
6
Let z(k) be the second derivative of k**5/4 - k**4/12 - 2*k**3/3 + 3*k**2 - 19*k. What is the units digit of z(3)?
0
What is the tens digit of ((-4)/(20/365))/(-1)?
7
Let d(m) = 18 - 3*m + 13*m**2 + 7*m - 3*m + 2*m**2 + m**3. Let y be d(-15). Suppose y*l - 2 - 25 = 0. What is the units digit of l?
9
Let u(r) = 7*r. Let n be u(4). Let z = n + -40. What is the tens digit of 4/16 + (-165)/z?
1
Let u = 2067 + -850. What is the tens digit of u?
1
Let z(b) = -2*b**3 - 6*b**2 - 3*b - 5. Suppose 5*f - 50 = 4*y - 2, 5*f - 3*y - 46 = 0. Suppose 8*h - 6*h = -f. What is the units digit of z(h)?
9
Let y(d) = -3*d + 12. Let h be y(10). Let l be (h/(-4))/3*-24. Let q = l - -65. What is the units digit of q?
9
Let t(z) = -z**2 + 4*z - 23. Let d be t(5). What is the tens digit of (-35)/d*-4*(-52)/10?
2
What is the units digit of (51 + -49)*(1 + 2003/2)?
5
What is the thousands digit of (4 - 3350)/((-8 - -11) + -5)?
1
Suppose -2*t - 3*u - 183 + 627 = 0, -3*t + 636 = -3*u. Let f = -141 + t. What is the units digit of f?
5
Let w be (0 - -1)/(17/51). Suppose -l + 5*l = 0, -3*z + 30 = -w*l. Suppose -9*q = -z*q + 40. What is the tens digit of q?
4
Suppose 0*p + 9 = 5*p + h, 4*p = 3*h - 8. What is the units digit of (-3059)/(-35) - ((-2)/(-5))/p?
7
Let l(u) = 2*u**3 - 2*u**2 - 6*u - 2. Let a be l(5). Let d(m) = m**3 - 12*m**2 + 18*m + 21. Let y be d(11). Let o = a - y. What is the units digit of o?
0
Let h(i) = -354*i**3 - 4*i**2 + 2*i + 5. What is the tens digit of h(-1)?
5
Let j = 1090 - 540. Suppose -3*n + j = -2. Suppose 0 = 6*k - 2*k - n. What is the units digit of k?
6
Let j = 6652 + -3609. What is the hundreds digit of j?
0
Suppose 5*u - 41 = -3*p - p, -5*u = -p - 21. Suppose 0 = 2*z - 5*o - 121, -4*z = u*o - 141 - 86. What is the tens digit of z?
5
Suppose -4*c = -0*c - 2180. What is the tens digit of c?
4
Suppose 2036 = 2*w - 450. What is the thousands digit of w?
1
Let c(x) = -23*x - 1. Suppose 9 - 5 = p. Let o be c(p). What is the tens digit of (-2)/(6/o + 0)?
3
Suppose -1108*s = -1117*s + 19026. What is the thousands digit of s?
2
Suppose 0 = 3*o + 5*l + 24, 6*l + 12 = o + l. Let i be 10/o*(-6)/5. Let u(r) = 2*r**2 - r - 5. What is the tens digit of u(i)?
2
Suppose 34*b + 9*b - 5590 = 0. What is the units digit of b?
0
Let k be (-2366)/(-4) - 10/(-20). Suppose 5*r - 123 = -i, -5*i = -0*r + 2*r - k. Let a = -84 + i. What is the units digit of a?
4
Let b = -10 + 11. Let z(c) = 14*c + 1. Let v be z(b). What is the units digit of (-40)/v*(-2 + -1)?
8
Suppose r + 8 = q, -2*q = -3*q + 5*r + 20. Suppose q*n - 56 = 4*n. What is the units digit of n?
6
Let r = 7757 + -5380. What is the tens digit of r?
7
What is the hundreds digit of (-36)/48 + (-4115)/(-20)?
2
Suppose 0 = 2*x - x - 8. Suppose x*y - 3*y + 36 = 4*j, 4*j = -5*y - 4. What is the tens digit of (-3)/((-6)/(-5))*y?
1
Suppose d = 3*u - 5, -2*u - d - 2 = -3*d. Suppose -2 = p, -u*l - 2*l - 4*p = 48. What is the units digit of 12/l*14/(-3)?
7
Let d(o) = -4*o + 6. Let m be d(-11). Suppose m = 5*w - 0*w. What is the tens digit of w/15 + 64/3?
2
Suppose -8*n = -7*n + 5*t - 107, 3*n = 3*t + 285. What is the units digit of n?
7
Let t be 5 + -2 - 4/(2 - 4). Suppose 3*a - t*a + 499 = c, -3*a = -2*c - 759. What is the units digit of a?
1
Suppose 3*u - 9 = 0, 4*y + 2*u + 12 = 6*u. Suppose y*v - v = 0. Suppose v = s - 9 - 15. What is the tens digit of s?
2
Suppose -5*n + l = -4303, -2*l + 5056 = 5*n + 762. What is the tens digit of n?
6
Let q(o) be the second derivative of -o**4/12 - o**3/2 + o**2/2 - 10*o. Let f be q(-2). Suppose f*u = -u + 292. What is the units digit of u?
3
What is the units digit of ((2/3)/(-2))/((-313)/3599187)?
3
Let r(w) = 3*w**2 + 2*w + 1. Let a(f) = 2*f - 27. Let q be a(11). What is the tens digit of r(q)?
6
Suppose -6590 = -5*x - 3*h, 3*x + 837 - 4762 = 4*h. What is the tens digit of x?
1
Let m(s) = s**3 + 14*s**2 + 12*s - 9. Let w be m(-13). Suppose q + d + 2*d = 7, w*q + 52 = 4*d. Let p(g) = -4*g - 18. What is the tens digit of p(q)?
1
Let k(i) = -i**2 - 44*i - 21. What is the tens digit of k(-36)?
6
Suppose -3*i + 18 = -m + 7, -3*i = 2*m + 4. Let n(u) = -u**2 - 2*u + 5. Let b be n(m). What is the tens digit of (-25)/b*(-88)/(-10)?
2
Let m = 15 + -13. Suppose 0 = m*q - 17 - 5. What is the units digit of q?
1
What is the tens digit of 15/3 + 563 - -6?
7
Let p(m) = m**2 - 2*m - 2*m**2 + 4*m - 2 + 2*m**3. Let u(b) = b**3 - 7*b**2 + 2. Let i be u(7). What is the tens digit of p(i)?
1
Let t(v) = -v**3 - 2*v**2. Let d be t(0). Suppose 0*a - 2*a + 22 = d. What is the tens digit of (-1)/((-12)/a - -1)?
1
Suppose 2320 = 3*v - 1847. What is the thousands digit of v?
1
Suppose -73*h + 79*h = 744. What is the units digit of h?
4
Let v(a) = -5*a + 0 + 3*a - 6 + 4 + 3*a**2. What is the units digit of v(3)?
9
Let x(v) = -v - 37. Let k be x(-11). Let j = 43 + k. What is the units digit of j?
7
Suppose 2*o + 4 = 12. Let x be 6/o - (-46)/(-4). Let b = -4 - x. What is the units digit of b?
6
Let l = 848 + -562. What is the hundreds digit of l?
2
Suppose -7*z = -28*z + 18963. What is the tens digit of z?
0
What is the units digit of (-32)/(((-3)/6)/1)?
4
Let z(s) = s**3 - s**2 + 3*s + 174. Suppose 3*l - 4*f + 20 = -9*f, -5*f = -l + 20. What is the units digit of z(l)?
4
Suppose -2*b - 7 + 11 = 0. Let s be 2*b*(-10)/(-8). Let g(r) = r**2 - r + 2. What is the units digit of g(s)?
2
Let i = 106 + -89. Suppose 0 = 3*u + d + i - 137, 5*u = -3*d + 200. What is the tens digit of u?
4
Suppose x = -65*u + 64*u + 151, 0 = -4*x + 2*u + 610. What is the hundreds digit of x?
1
Let q(w) = 31*w + 6. Let j be q(-6). Let k = -89 - j. What is the tens digit of k?
9
Let p(q) = q**3 + 5*q**2 - 7*q - 1. Let d be p(-6). Suppose d*a - 742 = -3*v, -3*a = -4*a - 2*v + 154. What is the units digit of a?
6
Let u be 92/8*8/2. Let d = u + -32. What is the units digit of d?
4
Suppose 3 = 3*o, -3*x + 3*o + 2 = -7. What is the units digit of x + -2 - (1 - 1)?
2
Suppose 0 = 30*k - 31*k + 2. Suppose y - z = k*y - 9, 5*y - z - 21 = 0. What is the units digit of y?
5
Let i(v) = 89*v**2 + 2*v. Let p be i(-1). Suppose 4*n - n - p = 0. What is the tens digit of n?
2
Let s(w) = -3*w**3 - 3*w**2 + 4*w - 2. Let i be s(2). Let x = 30 + i. Suppose -5*g - k = -271, 0 = -4*g - x*k - 5*k + 221. What is the tens digit of g?
5
Suppose 3*n - 7851 - 1980 = 0. What is the thousands digit of n?
3
Suppose 0 = 5*c - 3*i - 1286, 4*i + 322 = -5*c + 1629. What is the tens digit of c?
5
Let o = 1621 - 666. What is the units digit of o?
5
Let u(h) = 368*h**3 + 2*h**2 - 3*h + 1. What is the tens digit of u(1)?
6
What is the units digit of 24/((-513)/(-1764) + (-2)/8)?
8
Let v be 5 + 3*2/(-3). Let b(w) = -w**3 + 2*w**2 + 6*w - 7. What is the units digit of b(v)?
2
Let z be (-3 - 0)/(4 - (-5590)/(-1396)). Suppose -4*k - 34 = -4*v - z, 500 = 3*k - 2*v. What is the tens digit of k?
6
Suppose -6*c + 1286 = -1744. What is the tens digit of c?
0
Suppose 25 = 5*z - 125. Suppose -z = -0*k - k. Suppose 4*t - k = 34. What is the tens digit of t?
1
Let d = -1198 - -2159. What is the tens digit of d?
6
Let c = -14 + 5. Let t be 12/c*(-3)/2. Suppose -t*g = 4*b - 76, -4*g + 2*g = b - 25. What is the units digit of b?
7
Suppose 0*p + 6*p + 48 = 0. Let r = -18 - -11. Let l = r - p. What is the units digit of l?
1
What is the tens digit of (2 + -8)/((-6)/254)?
5
Let p = 33 + -29. Suppose 0 = -8*v + p*v + 44. Suppose 116 = 15*i - v*i. What is the units digit of i?
9
Let x(z) = -118*z + 45. What is the tens digit of x(-6)?
5
Suppose -12*s - 40*s + 178776 = 0. What is the thousands digit of s?
3
Suppose -4*x - 5*a + 25 = x, 2*x - 5*a - 10 = 0. Suppose -3*k + x*s = 1, -5*s = 4*k + 6 + 42. Let r(y) = -6*y - 14. What is the tens digit of r(k)?
2
Suppose 5*q + 3 = -22, 4*q = -2*r + 1462. What is the hundreds digit of r?
7
Let m(s) = -s + 3. Let d be m(3). Suppose d*a + 6 = 2*a. Suppose -2*q - 2*q + 128 = 5*g, -a*q - 149 = -5*g. What is the tens digit of g?
2
Let i = -290 - -919. What is the tens digit of i?
2
Let r be (-10)/2 + 1 - 308. What is the units digit of (r/(-36))/((-1)/(-6))?
2
What is the tens digit of (-9230)/(-8) + 10/(200/(-15))?
5
Let w be (-4)/38 + (-5720)/(-190). What is the hundreds digit of (-1186)/(-10) - (-12)/w